{"id":24,"date":"2020-03-12T13:22:05","date_gmt":"2020-03-12T13:22:05","guid":{"rendered":"http:\/\/andrearentschler.de\/?page_id=24"},"modified":"2020-05-11T18:11:51","modified_gmt":"2020-05-11T18:11:51","slug":"leistungen","status":"publish","type":"page","link":"https:\/\/andrearentschler.de\/?page_id=24","title":{"rendered":"Leistungen"},"content":{"rendered":"\n<h4 class=\"wp-block-heading\">Text<\/h4>\n\n\n\n<p>Sie brauchen Texte f\u00fcr Ihre Unternehmenswebsite oder planen eine Kundenbrosch\u00fcre? Sie haben einen Webshop und ben\u00f6tigen suchmaschinenoptimierte Produktbeschreibungen? Was auch immer Sie ausdr\u00fccken m\u00f6chten, ich fasse es f\u00fcr Sie in Worte und helfe Ihnen, Ihre Zielgruppe erfolgreich anzusprechen.<br><br>Dar\u00fcber hinaus schreibe ich in meinen Spezialgebieten Fashion, Kunst und Popkultur unterhaltsame und geistreiche Artikel f\u00fcr Ihr Online-Magazin oder Ihr Corporate Blog \u2013 von der Idee \u00fcber die Recherche bis hin zum ver\u00f6ffentlichungsreifen Text.<\/p>\n\n\n\n<h4 class=\"wp-block-heading\">Lektorat<\/h4>\n\n\n\n<p>Bei einem Lektorat \u00fcberarbeite ich Ihren Text stilistisch und sprachlich, damit er f\u00fcr Ihr Zielpublikum verst\u00e4ndlich ist. Anders als bei einem Korrektorat, bei dem es um eine reine Fehlerkorrektur geht, verbessere ich Ihren Text also inhaltlich. Dabei pr\u00fcfe ich Ihren Text auf Ausdruck und Verst\u00e4ndlichkeit, auf Stringenz und logische Gliederung, ich optimiere ihn stilistisch und feile an der Tonalit\u00e4t.<br><br>Auf Wunsch mache ich einen Faktencheck und pr\u00fcfe, ob die Informationen im Text richtig sind.<\/p>\n\n\n\n<h4 class=\"wp-block-heading\">Korrektorat<\/h4>\n\n\n\n<p>Bei einem Korrektorat pr\u00fcfe ich Ihren Text auf orthografische, grammatikalische und typografische Fehler.  Ich kontrolliere Rechtschreibung, Grammatik und Zeichensetzung, sorge f\u00fcr identische Schreibweisen und korrekte Silbentrennung und achte bei Anf\u00fchrungszeichen, Gedanken- und Bindestrichen, Einz\u00fcgen und anderen typografischen Feinheiten auf Einheitlichkeit.<\/p>\n","protected":false},"excerpt":{"rendered":"<p>Text Sie brauchen Texte f\u00fcr Ihre Unternehmenswebsite oder planen eine Kundenbrosch\u00fcre? Sie haben einen Webshop und ben\u00f6tigen suchmaschinenoptimierte Produktbeschreibungen? Was auch immer Sie ausdr\u00fccken m\u00f6chten, ich fasse es f\u00fcr Sie in Worte und helfe Ihnen, Ihre Zielgruppe erfolgreich anzusprechen. Dar\u00fcber hinaus schreibe ich in meinen Spezialgebieten Fashion, Kunst und Popkultur unterhaltsame und geistreiche Artikel f\u00fcr &hellip; <\/p>\n<p class=\"link-more\"><a href=\"https:\/\/andrearentschler.de\/?page_id=24\" class=\"more-link\"><span class=\"screen-reader-text\">\u201eLeistungen\u201c <\/span>weiterlesen<\/a><\/p>\n","protected":false},"author":1,"featured_media":0,"parent":0,"menu_order":0,"comment_status":"closed","ping_status":"closed","template":"","meta":{"footnotes":""},"class_list":["post-24","page","type-page","status-publish","hentry"],"_links":{"self":[{"href":"https:\/\/andrearentschler.de\/index.php?rest_route=\/wp\/v2\/pages\/24","targetHints":{"allow":["GET"]}}],"collection":[{"href":"https:\/\/andrearentschler.de\/index.php?rest_route=\/wp\/v2\/pages"}],"about":[{"href":"https:\/\/andrearentschler.de\/index.php?rest_route=\/wp\/v2\/types\/page"}],"author":[{"embeddable":true,"href":"https:\/\/andrearentschler.de\/index.php?rest_route=\/wp\/v2\/users\/1"}],"replies":[{"embeddable":true,"href":"https:\/\/andrearentschler.de\/index.php?rest_route=%2Fwp%2Fv2%2Fcomments&post=24"}],"version-history":[{"count":12,"href":"https:\/\/andrearentschler.de\/index.php?rest_route=\/wp\/v2\/pages\/24\/revisions"}],"predecessor-version":[{"id":192,"href":"https:\/\/andrearentschler.de\/index.php?rest_route=\/wp\/v2\/pages\/24\/revisions\/192"}],"wp:attachment":[{"href":"https:\/\/andrearentschler.de\/index.php?rest_route=%2Fwp%2Fv2%2Fmedia&parent=24"}],"curies":[{"name":"wp","href":"https:\/\/api.w.org\/{rel}","templated":true}]}}